{"id":29,"date":"2020-09-25T07:58:39","date_gmt":"2020-09-25T07:58:39","guid":{"rendered":"https:\/\/solasido.cz\/?page_id=29"},"modified":"2024-03-17T13:14:45","modified_gmt":"2024-03-17T13:14:45","slug":"pro-deti-a-skoly","status":"publish","type":"page","link":"https:\/\/solasido.cz\/?page_id=29","title":{"rendered":"Pro d\u011bti a \u0161koly"},"content":{"rendered":"\n<p class=\"has-text-align-center\"><strong>Uskute\u010dn\u00edme anima\u010dn\u00ed programy nejen pro d\u011bti ale i pro dosp\u011bl\u00e9. Na ma\u0161karn\u00edch karnevalech, rodinn\u00fdch narozeninov\u00fdch oslav\u00e1ch i k r\u016fzn\u00fdm p\u0159\u00edle\u017eitostem. Den d\u011bt\u00ed, Hur\u00e1 pr\u00e1zdniny, Konec pr\u00e1zdnin, v\u00fdro\u010dn\u00ed oslavy obc\u00ed a podobn\u011b.<\/strong><br>Tyto programy uskute\u010dn\u00edme pro r\u016fzn\u00e1 soci\u00e1ln\u00ed za\u0159\u00edzen\u00ed t\u00e9m\u011b\u0159 zdarma.<br>Domovy senior\u016f, st\u0159ediska soc. slu\u017eeb pro ment\u00e1ln\u011b posti\u017een\u00e9 osoby, d\u011btsk\u00e9 domovy, nemocnice a jin\u00e9.<br>Pro tato r\u016fzn\u00e1 za\u0159\u00edzen\u00ed jsou programy z \u010d\u00e1sti financovan\u00e9 humanit\u00e1rn\u00ed organizac\u00ed Dr. Klaun.<br><strong>Pro Z\u0160 je v nab\u00eddce beseda o \u017eivot\u011b domorodc\u016f v africk\u00e9 Keni. Po\u0159ad obsahuje celove\u010dern\u00ed filmov\u00e9 hran\u00e9 dokumenty a v\u00fdstavu dovezen\u00fdch origin\u00e1ln\u00edch p\u0159edm\u011bt\u016f. T\u00e9ma: p\u0159\u00edrodopis &#8211; zem\u011bpis &#8211; d\u011bjepis.<br>V\u00edce informac\u00ed najdete v sekci ,,Expedice Kenya&#8220;<\/strong><\/p>\n\n\n\n<div class=\"wp-block-group\"><div class=\"wp-block-group__inner-container is-layout-flow wp-block-group-is-layout-flow\"><\/div><\/div>\n\n\n\n<figure class=\"wp-block-embed alignleft is-type-video is-provider-youtube wp-block-embed-youtube wp-embed-aspect-16-9 wp-has-aspect-ratio\"><div class=\"wp-block-embed__wrapper\">\n<iframe loading=\"lazy\" title=\"Anima\u010dn\u00ed programy - P\u0161tros\" width=\"500\" height=\"281\" src=\"https:\/\/www.youtube.com\/embed\/I-okvMx6zac?start=76&#038;feature=oembed\" frameborder=\"0\" allow=\"accelerometer; autoplay; clipboard-write; encrypted-media; gyroscope; picture-in-picture; web-share\" referrerpolicy=\"strict-origin-when-cross-origin\" allowfullscreen><\/iframe>\n<\/div><\/figure>\n\n\n\n<figure class=\"wp-block-embed alignleft is-type-video is-provider-youtube wp-block-embed-youtube wp-embed-aspect-16-9 wp-has-aspect-ratio\"><div class=\"wp-block-embed__wrapper\">\n<iframe loading=\"lazy\" title=\"Kouzeln\u00edk - Dr. Klaun\" width=\"500\" height=\"281\" src=\"https:\/\/www.youtube.com\/embed\/jydSGhFptNE?feature=oembed\" frameborder=\"0\" allow=\"accelerometer; autoplay; clipboard-write; encrypted-media; gyroscope; picture-in-picture; web-share\" referrerpolicy=\"strict-origin-when-cross-origin\" allowfullscreen><\/iframe>\n<\/div><\/figure>\n","protected":false},"excerpt":{"rendered":"<div class=\"mh-excerpt\"><p>Uskute\u010dn\u00edme anima\u010dn\u00ed programy nejen pro d\u011bti ale i pro dosp\u011bl\u00e9. Na ma\u0161karn\u00edch karnevalech, rodinn\u00fdch narozeninov\u00fdch oslav\u00e1ch i k r\u016fzn\u00fdm p\u0159\u00edle\u017eitostem. Den d\u011bt\u00ed, Hur\u00e1 pr\u00e1zdniny, Konec <a class=\"mh-excerpt-more\" href=\"https:\/\/solasido.cz\/?page_id=29\" title=\"Pro d\u011bti a \u0161koly\">[&#8230;]<\/a><\/p>\n<\/div>","protected":false},"author":1,"featured_media":0,"parent":0,"menu_order":0,"comment_status":"closed","ping_status":"closed","template":"","meta":{"footnotes":""},"class_list":["post-29","page","type-page","status-publish","hentry"],"_links":{"self":[{"href":"https:\/\/solasido.cz\/index.php?rest_route=\/wp\/v2\/pages\/29","targetHints":{"allow":["GET"]}}],"collection":[{"href":"https:\/\/solasido.cz\/index.php?rest_route=\/wp\/v2\/pages"}],"about":[{"href":"https:\/\/solasido.cz\/index.php?rest_route=\/wp\/v2\/types\/page"}],"author":[{"embeddable":true,"href":"https:\/\/solasido.cz\/index.php?rest_route=\/wp\/v2\/users\/1"}],"replies":[{"embeddable":true,"href":"https:\/\/solasido.cz\/index.php?rest_route=%2Fwp%2Fv2%2Fcomments&post=29"}],"version-history":[{"count":14,"href":"https:\/\/solasido.cz\/index.php?rest_route=\/wp\/v2\/pages\/29\/revisions"}],"predecessor-version":[{"id":335,"href":"https:\/\/solasido.cz\/index.php?rest_route=\/wp\/v2\/pages\/29\/revisions\/335"}],"wp:attachment":[{"href":"https:\/\/solasido.cz\/index.php?rest_route=%2Fwp%2Fv2%2Fmedia&parent=29"}],"curies":[{"name":"wp","href":"https:\/\/api.w.org\/{rel}","templated":true}]}}