{"id":12,"date":"2020-09-25T07:49:24","date_gmt":"2020-09-25T07:49:24","guid":{"rendered":"https:\/\/solasido.cz\/?page_id=12"},"modified":"2021-05-17T08:42:26","modified_gmt":"2021-05-17T08:42:26","slug":"uvod","status":"publish","type":"page","link":"https:\/\/solasido.cz\/","title":{"rendered":"V\u00edt\u00e1m V\u00e1s  &#8211;  Pavel Justich"},"content":{"rendered":"\n<div class=\"wp-block-image\"><figure class=\"aligncenter size-large is-resized\"><img loading=\"lazy\" decoding=\"async\" src=\"https:\/\/solasido.cz\/wp-content\/uploads\/2020\/09\/Pavel-karikatura-master-743x1024.jpg\" alt=\"\" class=\"wp-image-43\" width=\"385\" height=\"530\"\/><figcaption><strong>Mnoho fotograf\u016f tvrd\u00ed, \u017ee nejdu vyfotit.<br>Tak jsem se rad\u011bji nechal nakreslit.<\/strong><\/figcaption><\/figure><\/div>\n","protected":false},"excerpt":{"rendered":"<div class=\"mh-excerpt\"><\/div>","protected":false},"author":1,"featured_media":0,"parent":0,"menu_order":0,"comment_status":"closed","ping_status":"closed","template":"","meta":{"footnotes":""},"class_list":["post-12","page","type-page","status-publish","hentry"],"_links":{"self":[{"href":"https:\/\/solasido.cz\/index.php?rest_route=\/wp\/v2\/pages\/12","targetHints":{"allow":["GET"]}}],"collection":[{"href":"https:\/\/solasido.cz\/index.php?rest_route=\/wp\/v2\/pages"}],"about":[{"href":"https:\/\/solasido.cz\/index.php?rest_route=\/wp\/v2\/types\/page"}],"author":[{"embeddable":true,"href":"https:\/\/solasido.cz\/index.php?rest_route=\/wp\/v2\/users\/1"}],"replies":[{"embeddable":true,"href":"https:\/\/solasido.cz\/index.php?rest_route=%2Fwp%2Fv2%2Fcomments&post=12"}],"version-history":[{"count":7,"href":"https:\/\/solasido.cz\/index.php?rest_route=\/wp\/v2\/pages\/12\/revisions"}],"predecessor-version":[{"id":267,"href":"https:\/\/solasido.cz\/index.php?rest_route=\/wp\/v2\/pages\/12\/revisions\/267"}],"wp:attachment":[{"href":"https:\/\/solasido.cz\/index.php?rest_route=%2Fwp%2Fv2%2Fmedia&parent=12"}],"curies":[{"name":"wp","href":"https:\/\/api.w.org\/{rel}","templated":true}]}}